of 59874 and 4386?
102
Calculate the highest common factor of 1050939 and 759.
69
What is the highest common factor of 138 and 15387?
69
What is the highest common divisor of 372 and 13188?
12
What is the greatest common factor of 1813 and 167090?
49
What is the highest common factor of 8 and 29208?
8
What is the highest common divisor of 53392 and 33512?
568
What is the highest common divisor of 94 and 13582?
2
What is the highest common factor of 171 and 5320?
19
What is the highest common factor of 23046 and 702402?
1002
What is the greatest common divisor of 9 and 29331?
9
What is the highest common divisor of 10537 and 123?
41
What is the highest common factor of 59640 and 426?
426
What is the highest common factor of 733 and 373097?
733
Calculate the highest common divisor of 78 and 2328.
6
Calculate the greatest common factor of 2800 and 19900.
100
What is the highest common divisor of 130931 and 421?
421
Calculate the highest common factor of 66019 and 107.
107
What is the highest common divisor of 5562 and 3929553?
2781
What is the highest common factor of 22800 and 7080?
120
Calculate the highest common factor of 250 and 5070.
10
What is the greatest common factor of 101380 and 20?
20
Calculate the highest common divisor of 198045 and 1701.
243
Calculate the highest common divisor of 15180 and 7820.
460
Calculate the greatest common factor of 13041 and 297.
27
Calculate the greatest common divisor of 4 and 6628.
4
Calculate the greatest common factor of 66468 and 204.
12
Calculate the greatest common factor of 60325 and 2375.
475
What is the greatest common divisor of 463344 and 392?
392
What is the highest common factor of 33866 and 609?
7
What is the highest common divisor of 1554 and 230436?
222
Calculate the greatest common divisor of 2397 and 2958.
51
Calculate the highest common factor of 360220 and 70.
70
Calculate the highest common factor of 68200 and 62.
62
What is the highest common factor of 2028318 and 174?
174
What is the greatest common divisor of 27537 and 6?
3
What is the highest common factor of 46 and 134?
2
What is the greatest common divisor of 60 and 1416?
12
Calculate the highest common factor of 2912 and 10864.
112
Calculate the highest common divisor of 156906 and 6624.
414
What is the highest common divisor of 1755 and 15522?
39
Calculate the greatest common factor of 420 and 59556.
84
What is the highest common divisor of 725 and 493025?
25
Calculate the greatest common factor of 23485 and 16500.
55
Calculate the highest common divisor of 190 and 89395.
95
Calculate the highest common divisor of 775956 and 8.
4
Calculate the greatest common divisor of 17658 and 20322.
18
What is the highest common factor of 826 and 32354?
14
What is the greatest common factor of 91 and 45851?
13
What is the greatest common divisor of 1148 and 261908?
164
What is the highest common factor of 83016 and 4?
4
Calculate the greatest common divisor of 1108041 and 231.
33
Calculate the greatest common factor of 1309 and 1547.
119
Calculate the highest common factor of 324 and 9.
9
Calculate the highest common divisor of 91 and 1389521.
7
Calculate the highest common factor of 4266 and 22572.
54
What is the highest common divisor of 1044050 and 20?
10
Calculate the greatest common factor of 3430 and 4685.
5
What is the greatest common divisor of 2772 and 2268?
252
Calculate the highest common divisor of 39 and 56433.
39
Calculate the greatest common divisor of 2770 and 4986.
554
What is the highest common divisor of 13524 and 95956?
644
Calculate the greatest common factor of 578075 and 25.
25
What is the highest common divisor of 149707 and 283?
283
What is the highest common factor of 2096 and 295012?
524
What is the highest common divisor of 1300 and 19032?
52
Calculate the greatest common factor of 56 and 1459276.
28
Calculate the highest common factor of 354996 and 324.
108
What is the greatest common factor of 103383 and 16821?
189
Calculate the greatest common factor of 24912 and 384.
48
What is the highest common factor of 175446 and 4374?
486
What is the highest common factor of 48 and 176892?
12
Calculate the greatest common divisor of 332 and 329759.
83
What is the greatest common factor of 345484 and 8?
4
Calculate the greatest common factor of 478559 and 14113.
1283
Calculate the greatest common divisor of 307296 and 291.
291
Calculate the greatest common factor of 90700 and 400.
100
Calculate the highest common factor of 93562 and 82.
82
Calculate the highest common factor of 2400 and 11760.
240
What is the highest common factor of 51299 and 172?
43
What is the highest common factor of 760 and 2224?
8
Calculate the greatest common divisor of 2414 and 15266.
34
Calculate the highest common divisor of 33375 and 4539.
267
What is the greatest common factor of 36 and 663399?
9
Calculate the greatest common divisor of 547998 and 7581.
1083
Calculate the greatest common factor of 451 and 1496.
11
What is the greatest common divisor of 1273453 and 6062?
433
Calculate the greatest common factor of 26593 and 145.
29
What is the greatest common factor of 29262 and 26?
2
Calculate the greatest common divisor of 13987 and 47674.
197
Calculate the highest common factor of 42 and 2281566.
42
Calculate the highest common factor of 306 and 12.
6
What is the highest common divisor of 16 and 102832?
16
What is the greatest common factor of 860777 and 31?
31
What is the greatest common factor of 27846 and 33138?
126
What is the highest common factor of 210754 and 1893?
631
What is the greatest common divisor of 636 and 2126148?
636
What is the highest common factor of 3870 and 2520?
90
What is the greatest common divisor of 34374 and 90316?
674
What is the highest common divisor of 18 and 29475?
9
What is the highest common factor of 5427 and 702093?
201
Calculate the greatest common factor of 5 and 569360.
5
What is the highest common factor of 1324 and 7329002?
662
Calculate the highest common divisor of 9519966 and 36.
18
What is the greatest common factor of 204611 and 19?
19
What is the greatest common divisor of 1775 and 13925?
25
What is the highest common divisor of 85437 and 9999?
99
What is the highest common factor of 4602 and 2002?
26
Calculate the greatest common factor of 34725 and 7025.
25
Calculate the highest common factor of 1197 and 1173459.
399
What is the highest common factor of 33825 and 555?
15
Calculate the highest common factor of 352 and 8672.
32
Calculate the highest common divisor of 22974 and 294.
42
Calculate the greatest common divisor of 1656 and 58328.
184
What is the highest common factor of 6642 and 3402?
162
What is the highest common factor of 181749 and 423?
141
Calculate the greatest common divisor of 234 and 51896.
26
What is the greatest common factor of 154 and 3498?
22
Calculate the greatest common divisor of 7300 and 8900.
100
What is the greatest common factor of 355 and 929035?
355
What is the highest common divisor of 975 and 91975?
325
Calculate the greatest common divisor of 1469 and 3692.
13
Calculate the greatest common divisor of 2896 and 912.
16
Calculate the highest common divisor of 7807 and 3376.
211
What is the greatest common divisor of 2730 and 5670?
210
Calculate the greatest common divisor of 6748 and 30548.
28
Calculate the greatest common divisor of 29070 and 1254.
114
Calculate the highest common factor of 1605 and 2910.
15
What is the highest common factor of 116 and 406?
58
Calculate the highest common divisor of 17 and 223091.
17
What is the greatest common factor of 4515 and 29085?
105
Calculate the greatest common factor of 74904 and 72.
24
Calculate the highest common factor of 378572 and 1548.
172
What is the greatest common factor of 1625 and 520?
65
Calculate the greatest common divisor of 13338 and 17199.
351
What is the highest common divisor of 11294 and 20?
2
What is the greatest common factor of 952 and 658?
14
Calculate the highest common divisor of 445296 and 336.
48
What is the highest common divisor of 32 and 253856?
32
Calculate the highest common factor of 1 and 11383.
1
What is the highest common divisor of 3667 and 772?
193
Calculate the highest common factor of 774 and 3708.
18
What is the greatest common divisor of 38502 and 322?
46
What is the